mposite number?
True
Let f(d) = -1230*d + 112. Let l be f(-6). Let w = -4743 + l. Is w composite?
False
Suppose -t = -r + 2411 - 13207, 2*t - 4*r - 21592 = 0. Suppose 0 = -2*k + 6*k + 3*m - 10800, -t = -4*k - 4*m. Suppose -15*h - k = -18*h. Is h prime?
False
Let f = -2135 - -3868. Is f a prime number?
True
Suppose 2036 = 2*j + 2*j. Suppose 0 = 4*d - 1609 + j. Let l = -84 + d. Is l a prime number?
True
Let p(a) = -a**2 - 12*a - 10. Let r(n) = n**2 - 9*n + 7. Let h be r(6). Let l be p(h). Suppose -l = 5*y - 16, y = 5*u - 7352. Is u composite?
False
Let v = -168342 - -430349. Is v prime?
True
Let j(q) be the second derivative of q**5/20 - 3*q**4/4 + 7*q**3/2 - 11*q**2 - q. Suppose 71 = 51*h - 388. Is j(h) a prime number?
True
Let c be 3/(-6)*(6 - 6). Suppose -4*g = 16, c*u = 4*u - 5*g - 352. Let p = u - -38. Is p a prime number?
False
Suppose p - 4574 = -5*f + 11945, 6604 = 2*f + 4*p. Suppose 2*w + o = f, -1417 - 232 = -w + o. Is w a prime number?
False
Is 3*11549 - (-2 - (-6)/3) a composite number?
True
Suppose 62*x + 161*x = 61659277. Is x a composite number?
False
Suppose -12*u + 14*u - 44 = 0. Let m(i) = 12*i + 10. Let n be m(u). Suppose -n - 587 = -3*r. Is r a composite number?
True
Suppose 624680 = 48*m + 37400. Is m a composite number?
True
Suppose 411*v - 867815 = -4*p + 406*v, 0 = 3*p - 3*v - 650868. Is p prime?
False
Let c be 17600/(-48)*((-2)/(-4) - 2). Is (-1 + (-18259)/(-5))/(220/c) composite?
False
Let z = -30 + 43. Suppose -3*f = -4*u + z - 1, -2*f - 9 = -3*u. Suppose -2*b + 2513 = -f*a + 3*a, -a + 3*b + 845 = 0. Is a prime?
True
Let j(b) = 11 + b**3 + 24*b**2 - 19*b**2 - 3. Let k be j(-5). Is (502/(-6))/(k/(-24))*11 a prime number?
False
Let p be (-6)/(-9)*30/4. Suppose -4*j = p*t + 2, -7 - 1 = -3*j + t. Is 1 - (-1 - (j - -159)) prime?
True
Let b = 168545 + -114526. Is b prime?
False
Let m = -10643 - -7161. Let j = m - -5275. Is j prime?
False
Suppose -4*h + 5524 = w, -27590 = -34*w + 29*w - 5*h. Let n = w - 2542. Is n prime?
False
Suppose x + 9323 = 2*c, 4*c + 4927 = -4*x + 23543. Suppose 7*h - c = 2404. Is h prime?
True
Let k = -208 - -199. Is (42/k)/((-4)/426) a prime number?
False
Suppose -28 = 10*k - 118. Suppose -11*y = -k*y - 1318. Suppose 8*l = 7*l + y. Is l prime?
True
Suppose 0 = -33*f - 31 + 130. Is 190 - (-1)/(f - 2) composite?
False
Let o(i) be the third derivative of i**7/2520 + i**6/72 - 13*i**5/24 - 29*i**4/24 + 37*i**2. Let c(j) be the second derivative of o(j). Is c(17) composite?
True
Let o = 152 + -278. Suppose -23*b + 526 - 2067 = 0. Let r = b - o. Is r prime?
True
Let a(r) = -r**3 - 8*r**2 - r + 6. Let i be a(-8). Suppose -i*t + 20 = -4*t. Suppose -t*d - 2832 = -3*u - u, 0 = -4*d + 8. Is u composite?
False
Suppose h = 5*p + 1482, 2*p + 609 = -3*h - 2*h. Let o = 58 - p. Is o a composite number?
True
Suppose 5*f - l + 60988 = 200302, -83578 = -3*f - 2*l. Suppose -8*r + 5154 = -f. Is r prime?
True
Let i = 11 - 18. Let t be (-226)/(((-14)/(-3))/i). Suppose 14*z = 17*z - t. Is z a composite number?
False
Suppose -m - a + 39 = 0, -3*a + 12 = -m + 39. Suppose -m - 1024 = -10*q. Suppose -4*p = 2*z - 2212, -z - q = p - 658. Is p a composite number?
True
Suppose -x + 4*t + 3944 = 0, -5*x - 3054 = -t - 22812. Let g = x + -1173. Let w = g - 1964. Is w prime?
False
Let x = -365625 + 638488. Is x composite?
False
Let m = 748133 + -464580. Is m a composite number?
False
Is ((-4)/(-40) + 1289889/10)/1 composite?
True
Let v = -12894 - -17243. Is v composite?
False
Let p(n) = 6*n - 45. Let h be p(11). Suppose h*c = 23*c - 268. Is c a prime number?
False
Suppose -4*r = -i + 156961, 3*r - 257418 + 885197 = 4*i. Is i composite?
False
Suppose -27581 = -7*r + 4*u, 4*r - 6*r + 7906 = 4*u. Is r a prime number?
True
Let d be (-19 + 20)/((-4)/(-40)*-2). Is 0 + 22170 + (-12 + 8 - d) a composite number?
False
Let j = 519 - 517. Is j*16/(-40)*121215/(-12) a composite number?
False
Suppose -234965 = -o + 190*l - 189*l, 234957 = o - 5*l. Is o composite?
False
Suppose -45*a - 3157299 + 4343160 = -10208274. Is a composite?
True
Let o = 147 + -135. Suppose 4 = o*w - 13*w. Is ((-462)/105)/(w/170) a composite number?
True
Suppose 3*f = 7*s - 2*s + 3, 3*s - 3*f + 3 = 0. Suppose 0 = -2*n - s - 6. Is ((-1)/(-4 - n))/((-1)/(-1087)) prime?
True
Let b(y) = 26884*y**2 - 31*y + 54. Is b(5) prime?
True
Suppose 282*m - 320*m + 827906 = 0. Is m composite?
False
Suppose -5*s - 17076 = -11*s + 79446. Is s composite?
False
Suppose -220*p + 5885336 = -38638484. Is p composite?
False
Let s be (-3)/6 - 10/(-4). Let x be (-96)/36*207/s. Let g = x - -425. Is g composite?
False
Let t(l) = -2*l**3 - 5*l**2 - 14*l - 3. Let w be t(-13). Suppose -6*y + 22*y - w = 0. Is y composite?
False
Suppose -p = x + 15317 + 4752, 0 = -4*p - 5*x - 80271. Let f = p + 35251. Is f a composite number?
True
Let b = -19301 - -27885. Let k = 6 - 8. Is (0 + b/24)/(k/(-6)) a prime number?
False
Suppose 3911*w - 3897*w - 146364 - 559810 = 0. Is w a composite number?
False
Let t = 27019 - 11660. Is t composite?
False
Let r be (-8)/20 - (-22)/5. Let j be 187/33 - r/6. Suppose -4*p = j*h - 1536, 4*p - h = 1381 + 131. Is p a composite number?
False
Is (-724660)/(-15) + -5 + ((-57)/(-9) - 7) a composite number?
True
Let k = -9994 - -6821. Let f = k - -5806. Is f a composite number?
False
Is (-55)/(-66)*-249213*-2 composite?
True
Let x = -2706 - -5304. Suppose 9*u - x = 714. Suppose 2*o = 3*o + 3, -b - 3*o + u = 0. Is b prime?
False
Let y(t) = 7*t**2 + 17*t + 75. Let o be y(-9). Suppose o = j - 2090. Is j composite?
False
Suppose 0*d - 5*y + 38887 = 4*d, -38863 = -4*d + 3*y. Suppose 11552 + d = 10*j. Suppose 29*c = 30*c - j. Is c prime?
False
Let w(j) = 15360*j + 1135. Is w(37) a prime number?
False
Is (194514 - -1) + (6 + -21 - -21) prime?
True
Suppose -11 = -4*z + 3*c, 12 = 5*z - 5*c + 3*c. Suppose -2*g + 165 + 301 = z*v, v + 2*g = 233. Is v a composite number?
False
Let o = 80 + -114. Let q be 10/(-85) + 30/o. Is q/4 - (-1714)/8 composite?
True
Let u(k) = -733*k**3 + 7*k**2 + 11*k - 1. Is u(-4) a composite number?
True
Let i(l) = 17*l**2 + 15*l - 39. Let d = 131 + -127. Is i(d) a prime number?
True
Let l(h) = -7*h**3 - 7*h**2 + 5*h**3 - 9*h + 3*h**3 + 12. Let x be l(8). Suppose 0 = 4*f + x, -63 = -r - 2*f - 22. Is r a composite number?
False
Let k(a) = a**2 + 7*a - 11. Let u be k(6). Let n be 3 + -116*u*1/(-4). Suppose 0 = h + 169 - n. Is h a prime number?
True
Let n = -17163 + 335652. Is n a prime number?
False
Suppose 191*k - 186*k + 2515 = 0. Let s = k - -1534. Is s prime?
True
Let j be (-6)/4 + (-2)/4. Let f(d) = -74*d + 2140. Let p be f(29). Is (-5944)/(-6) - (0 - j/p) prime?
True
Let r(h) = -31 - 246*h + 20 + 48. Is r(-6) composite?
True
Let k = 236 + -234. Is ((4 - 0) + 17406)*k/4 prime?
False
Suppose 29*t - 470762 - 3203045 = 0. Is t prime?
True
Let j(w) = -w**3 + 2*w**2 + 2*w - 3. Let z be j(1). Let k be 1 - 3 - 2/(-8)*z. Is 317/(k + (-12)/(-3) + -1) a composite number?
False
Suppose v - y - 29 = 0, -3*y + 5*y + 118 = 4*v. Let f = 31 - v. Is -1634*((-4)/f)/8 composite?
True
Let k(c) = c**3 - 31*c**2 + 72*c - 56. Is k(45) composite?
True
Suppose 414*o - 385*o = 57996491. Is o composite?
True
Suppose 0 = 3*v + 2*w - 790833, -4*v - w = -1523066 + 468627. Is v composite?
False
Let z(t) be the second derivative of 400*t**3/3 - 3*t**2/2 + 172*t - 2. Let n(d) = -3*d - 1. Let y be n(-1). Is z(y) a composite number?
False
Let q be 0 + 69 + (0 - 0)/2. Suppose -2*t - 4*m + 442 = -m, 4*t = -2*m + 876. Let s = t - q. Is s prime?
True
Suppose 211949 + 100146 = 35*n. Is n prime?
False
Let z(q) be the third derivative of q**5/60 - q**4/2 - 3*q**3/2 - 6*q**2. Let d be z(13). Suppose 33 = d*k - 3*k. Is k a prime number?
False
Let j be ((-20)/15)/(-3*3/783). Let r = 101 + -168. Let m = j + r. Is m composite?
True
Suppose 3*b = 3*o + 2943, 4*b + 6*o - 3948 = 2*o. Let d = b + -565. Is d composite?
False
Let t(r) = -34*r + 94 + 262*r - 33. Let p be t(25). Let w = p + -3964. Is w composite?
True
Suppose 0 = 2*b - 13*b + 22. Suppose -p - 944 + 18971 = 4*c, -b = 2*p. Is c composite?
False
Let b(d) = 2*d**2 + 28*d - 55. Let l(z) = -6*z + 11. Let r be l(9). Let u = r + 20. Is b(u) composite?
False
Let l(y) = 42358*y**3 - 10*y**2 + 44*y - 33. Is l(1) prime?
True
Suppose 2*f + x = 0, -3*f - 5*x = 7 + 7. Suppo